(-70)/4) + 6803/a prime?
True
Let h be ((-3117)/(-4))/(54/144). Suppose -34*x + h = -32*x. Is x prime?
True
Let i(v) = v**3 - v**2 - 5. Suppose h + 4 = l + 2*l, 3*h = -l + 8. Suppose 0 = l*z + 42 - 50. Is i(z) prime?
True
Suppose -4*m = 4*n - 83992, -n = -3*n + 4*m + 41972. Suppose 2*c + 5*z - n = 0, -c + 7*z - 5*z = -10479. Is c a prime number?
True
Let v(h) = h**2 + 36*h - 73. Let r be v(-38). Let s(d) = 1564*d - 31. Is s(r) prime?
False
Let s(k) = -74*k**2 + 128*k - 9. Let z be s(-7). Is 5*(-3)/15*z prime?
False
Suppose 2*o - 2*g - 296 = 0, o + 2*g = 5*g + 142. Let i(s) = 126*s - 40. Let d be i(1). Let p = d + o. Is p composite?
True
Suppose -67 = -l - 11. Let o be 2/(-6)*7*48/l. Is 0 - (-2 + o - 3203) - 4 a composite number?
False
Let x = -52 - -49. Let c = x + 3. Is -3 + c - (-28776)/12 a composite number?
True
Suppose 33*y + 135*y + 690535 = 9881647. Is y a composite number?
False
Is 4114046/30 - 312/(-2340) a prime number?
False
Suppose -88*o - 3*o = -22818188 - 12605291. Is o a composite number?
False
Let q = -719330 + 1218063. Is q a composite number?
False
Suppose 0 = 4*u - 19*u + 17*u - 10. Let g = 6 - 4. Suppose -12 = -g*t - 2*t, -4*t - 1883 = -u*l. Is l prime?
True
Suppose -12 = 3*h, 12 - 3 = 5*z + 4*h. Let r be -19 - -17 - (-135 - 0). Suppose -3*y + 515 = z*a + r, 4*a - 5*y = 276. Is a prime?
False
Suppose -2*a = 3*a. Suppose a = -5*w - 4*w. Is (8 - -1650) + -1 + w a prime number?
True
Let l(x) = 2*x**3 + 24*x**2 + 22*x + 97. Let m(f) = f**3 + 25*f**2 + 21*f + 97. Let i(s) = -2*l(s) + 3*m(s). Is i(22) a prime number?
False
Suppose 5*f - 354 = 4*s, -3*f - 3*s + 77 + 130 = 0. Let j = 80 - f. Is 2/(-5) - (-27854)/j prime?
False
Suppose -4*k + 32 = 2*b, -4*b + 84 = -0*k - 2*k. Suppose 3*i + h + b = 0, -2*i = i + 3*h + 30. Let u(y) = y**3 + 9*y**2 - y - 12. Is u(i) a composite number?
True
Suppose -3*f - 1888 = -7*f. Suppose 7*l - 2*l - 778 = a, 0 = 3*l + 2*a - f. Let w = -61 + l. Is w prime?
False
Suppose 5*z + 25 = 0, 197282 = n - 4*z + z. Is n composite?
True
Let k(y) = 4668*y**3 + 5*y**2 - y - 5. Is k(2) composite?
False
Let q = -19 + 9. Let v(g) = -2*g - 18. Let y be v(q). Let a(c) = 546*c - 5. Is a(y) composite?
False
Suppose 0*t + 642195 = 9*t. Suppose -t = 22*v - 37*v. Is v a composite number?
True
Suppose 4*x = 3*a - 36873, -87*a + 91*a = -3*x + 49139. Is a a prime number?
False
Suppose -j = 3*s - 20751, 0 = -4*j - 3*s + 2*s + 83059. Let g = j - 9425. Is g a prime number?
False
Suppose -8 = 2*c, 5*i - 2*i + 5*c = 7. Suppose -i = -6*h + 15. Suppose -4*z - 405 = -a, 5*z - 566 - 1096 = -h*a. Is a composite?
True
Let j(t) = -3*t + 446 - 164 + 747 + 264. Suppose 0*o - 5*o = 0. Is j(o) prime?
False
Let z be (-300)/(-15)*2678/(-4). Let i = -1121 - z. Is i composite?
False
Suppose 3653826 - 56218 = 136*m. Is m composite?
True
Suppose 5*y - t - 5876 = 26278, -5*y - 5*t + 32130 = 0. Suppose y + 72 = 2*a. Is a composite?
False
Let s = 99 + -84. Suppose -s*v = -9*v - 20094. Is v composite?
True
Suppose 14*g + 22*r + 204868 = 16*g, 5*g = 3*r + 512534. Is g prime?
False
Suppose 5*f + 46 = 66. Suppose -3*n = k + 2*k - 16062, -f*k = 3*n - 16065. Is n a prime number?
True
Let n(j) = 15254*j**2 - 2*j + 75. Let p be n(6). Suppose -12*x = 15*x - p. Is x prime?
True
Suppose -3*c + w = -c - 75, -140 = -3*c - 4*w. Is ((-2764)/10)/(c/(-1300)) composite?
True
Suppose 2*t - 3 = -3*r + 5*t, 4*r - 2*t + 2 = 0. Suppose -5*l - 16*z + 11*z + 1295 = 0, -5*l = -5*z - 1265. Is l + (r - 1)/(-3) a composite number?
False
Suppose 3*r - 1 = 4*n + 7, 5*r - 5*n - 10 = 0. Let v be (6 + -5)*10 + r/2. Suppose 29 = v*h - 121. Is h prime?
False
Let v = -245580 + 830779. Is v a composite number?
False
Suppose -4*s - 39116 = -4*y - 14660, 0 = -2*s - 3*y - 12208. Let z = -5974 - -14855. Let r = z + s. Is r a prime number?
False
Let p be 3 + (3 + -3224)/1. Let v = p + 6264. Is v composite?
True
Suppose 5*h - 17099 = -3*m + 41553, m = 5*h + 19544. Is m a composite number?
True
Let z = 1370 - -1908. Suppose -132*d = -130*d - z. Is d a prime number?
False
Let k(t) = -6*t - 23. Let m be k(-6). Let d(h) = -12*h**2 + m - 6*h**2 - 5*h + 21*h**2. Is d(9) composite?
False
Let f(b) = 1874*b**2 - 18*b - 1. Is f(-20) a prime number?
False
Suppose -6*q = -3*q - 48498. Let j = -3877 + q. Is j composite?
False
Let w be (38/2)/((-6 - -5)/(-36)). Let a = w - -2675. Is a prime?
True
Let m(g) = g**2 - 5*g + 2. Let f be m(7). Let w = 41 - f. Let j = w - -166. Is j a composite number?
False
Let c = -53114 - -101205. Is c prime?
True
Let h = 219614 + -55771. Is h prime?
False
Let t(f) be the first derivative of 55*f**3/3 - 13*f**2/2 - f - 12. Is t(-3) a composite number?
True
Let q(f) be the third derivative of f**8/6720 - f**7/630 + f**6/720 + 7*f**5/60 - 9*f**2. Let z(g) be the third derivative of q(g). Is z(-8) a composite number?
False
Let p(n) = n**2 - 23*n + 126. Let y be p(7). Suppose -y*i - 64690 = -372116. Is i a prime number?
False
Suppose 0 = 2*h + l - 27, 48 = 5*h - 21*l + 17*l. Suppose -10 - 2 = 3*q. Is -691*q*1*3/h prime?
True
Let r(c) = 2*c + 24. Suppose -40 = 4*z - 2*q, 2*z - z + 3*q + 24 = 0. Let v be r(z). Suppose v = 3*k - 5*s - 609, 0*s + s + 203 = k. Is k composite?
True
Let l(s) = 27*s**2 - 1583*s - 31. Is l(-34) a prime number?
False
Let a = -182600 + 286702. Is a a prime number?
False
Let a(z) = -44*z - 12 - 2 + 19*z + 79*z. Is a(4) prime?
False
Suppose -797 = 2*a + 3*v, -779 = 2*a - 4*v + v. Let r = a + 1860. Is r a composite number?
True
Let n be (-5*5/(5/(-2)))/2. Suppose -7817 = -n*f + 3*a, f + 4*a = -0*a + 1568. Suppose 5*x = 0, 3*g - 185 = 2*x + f. Is g a prime number?
False
Let w(g) = g**2 - 10*g + 6. Let j be w(9). Let k be (-1)/1*j - -2. Suppose -u + 2*u = 2*l + 321, 1680 = 5*u + k*l. Is u composite?
False
Suppose 31*a + 24*a = 3*a + 4191668. Is a a composite number?
True
Suppose -b - 3*b = -1256. Suppose -q + t - 298 = q, -3*t = 2*q + b. Let n = q - -442. Is n prime?
False
Let o = 105 - 101. Is (o*(-1143)/(-180))/(1/5) prime?
True
Suppose 5*y = 3*w - 4 - 0, -2*y - 4*w - 12 = 0. Is (y - -27)*(4622/10 + 6) a composite number?
True
Let d(c) = 743*c**3 + 11*c**2 - 37*c - 10. Is d(3) a composite number?
True
Let q be ((-19122)/(-3 - 0))/(-4 - -2). Let k = q + 6150. Is k prime?
True
Let i = 104 - 104. Suppose 5*p - 7*p + 11582 = i. Is p prime?
True
Suppose -33*z + 3*z = -150. Suppose 0 = -i + 5, -7258 = -2*j - j - z*i. Is j a composite number?
False
Let w(y) = -55*y**3 + 12*y**2 - 5*y + 3. Let r be w(-7). Suppose -4*v - 6875 = -r. Let z = v - 2117. Is z a composite number?
True
Suppose -11 - 20 = -2*w + c, 0 = w - c - 15. Suppose -5*a - w = 3*a. Is (1670/30)/(a/(-12)) prime?
False
Let t = -190501 + 601118. Is t composite?
False
Let o = -79 + 97. Suppose 4*n - 5*l = -0*l + 51, n = 3*l + o. Suppose n = -6*m + 2235. Is m composite?
True
Suppose -3 = -f + 1, 4*f + 134 = -5*q. Let a = q + 27. Is (a - -5)/((-1)/(-153)) + 1 a composite number?
False
Let x = 177 + -177. Suppose 5*a = -5*w + 15475, x*a + 2*w = 5*a - 15461. Is a a prime number?
False
Let c(z) be the second derivative of -9*z**5/20 - z**4/3 - 5*z**3/2 + 3*z**2/2 - 14*z. Let w be c(-8). Suppose -2*s = 3*s - w. Is s composite?
True
Suppose 0 = 64*f + 548340 - 214521 - 3172283. Is f a composite number?
False
Suppose -3*j - 172071 - 238239 = -5*b, -b + 82070 = j. Suppose 34*g = 19*g + b. Is g prime?
True
Let c = 131011 - 72344. Suppose 5*l + 72995 = 5*j, 4*j + 316 - c = -5*l. Is j composite?
True
Suppose -2 = -h + 2. Suppose 0 = 2*s - 5*p + 2*p - 4868, -3*s = h*p - 7319. Suppose -5*r + s = -4*r. Is r a prime number?
True
Let r(u) = -14*u**3 - 23*u**2 - 94*u + 172. Is r(-15) prime?
False
Let h(u) = 13644*u**2 + 6*u - 1. Is h(1) a composite number?
False
Let l be 4/10 + (6/10 - -3). Suppose -l*g + 5*j - 360 + 53344 = 0, 5*g - 66201 = -j. Is g composite?
False
Let f = 40 - 40. Suppose -3*w + 3*h + 3 = f, -6*w - h + 11 = -w. Suppose 5 = -3*t + w, 4*u + t - 259 = 0. Is u a composite number?
True
Let j(o) = -12*o**3 - 3*o**2 - 3*o + 483071. Is j(0) a composite number?
False
Let q(l) = -l**3 - 8*l**2 - 6*l + 1. Let w(z) = -2*z + 20. Suppose 4*a - 36 = -4*k, -4*k + 3*a + 63 = -8. Let x be w(k). Is q(x) a prime number?
False
Let l = 776 - 6395. Let s = l + 11542. Is s a composite number?
False
Let b = 333256 + -188511. 